{"id":47,"date":"2019-03-10T18:36:58","date_gmt":"2019-03-10T18:36:58","guid":{"rendered":"http:\/\/wordpress.okja-sh.de\/?page_id=47"},"modified":"2026-04-29T18:38:22","modified_gmt":"2026-04-29T18:38:22","slug":"kontakt","status":"publish","type":"page","link":"https:\/\/www.okja-sh.de\/?page_id=47","title":{"rendered":"Kontakt\/Impressum"},"content":{"rendered":"\n<p><strong>Post erreicht uns \u00fcber<\/strong>:<br>JugendAkademie Bad Segeberg<br>Netzwerk OKJA S.-H.<br>Marienstr. 31<br>23795 Bad Segeberg<br>Tel. 04551 959143<br>Fax 04551 959115<\/p>\n\n\n\n<p><strong>Im bisher selbstorganisierten Netzwerk wirken aktuell mit:<\/strong><br>Marcelle Scherer, <a href=\"mailto:marcelle.scherer@kiel.de\">marcelle.scherer@kiel.de<\/a>, Kiel<\/p>\n\n\n\n<p>Ali Evdedurmaz, <a href=\"mailto:ali.evdedurmaz@vjka.de\">ali.evdedurmaz@vjka.de<\/a>, Bad Segeberg<\/p>\n\n\n\n<p>Martin Greve, <a href=\"mailto:jugendzentrumtuempel@googlemail.com\">jugendzentrumtuempel@googlemail.com<\/a>, Altenholz<\/p>\n\n\n\n<p>Mario Kramer, <a href=\"mailto:kinderundjugend@wentorf.de\">kinderundjugend@wentorf.de<\/a>, Wentorf bei Hamburg<\/p>\n\n\n\n<p>Markus Stademann, <a href=\"mailto:markus.stademann@itzehoe.de\">markus.stademann@itzehoe.de<\/a>, Itzehoe<\/p>\n\n\n\n<p>Kerstin Heiden, <a href=\"mailto:K.Heiden@kreis-pinneberg.de\">K.Heiden@kreis-pinneberg.de<\/a>, Kreis Pinneberg<\/p>\n\n\n\n<p>Elif Lehmann, <a href=\"mailto:e.Lehmann@stadtfehmarn.de\">e.Lehmann@stadtfehmarn.de<\/a>, Fehmarn<\/p>\n\n\n\n<p class=\"has-text-align-right\">Stand 29.04.2026<\/p>\n\n\n\n<h1 class=\"wp-block-heading\"><strong>Datenschutzerkl\u00e4rung<\/strong><\/h1>\n\n\n\n<p><strong>1. Verantwortliche<\/strong><\/p>\n\n\n\n<p>Lenkungsgruppe OKJA S.-H. (siehe oben)<\/p>\n\n\n\n<p><strong>2. Hosting<\/strong><\/p>\n\n\n\n<p>Diese Website wird bei der STRATO AG gehostet.<\/p>\n\n\n\n<p>Der Anbieter verarbeitet personenbezogene Daten (z. B. IP-Adressen) zum Zweck der Bereitstellung und Sicherheit der Website.<\/p>\n\n\n\n<p>Die Verarbeitung erfolgt auf Grundlage von Art. 6 Abs. 1 lit. f DSGVO (berechtigtes Interesse an einem sicheren und stabilen Betrieb der Website).<\/p>\n\n\n\n<p>Mit dem Hosting-Anbieter besteht ein Vertrag zur Auftragsverarbeitung gem\u00e4\u00df Art. 28 DSGVO.<\/p>\n\n\n\n<p><strong>3. Server-Logfiles<\/strong><\/p>\n\n\n\n<p>Beim Aufruf dieser Website werden automatisch Informationen durch den Server erfasst und in sogenannten Logfiles gespeichert. Dazu geh\u00f6ren insbesondere:<\/p>\n\n\n\n<ul class=\"wp-block-list\">\n<li>IP-Adresse (ggf. anonymisiert)<\/li>\n\n\n\n<li>Datum und Uhrzeit der Anfrage<\/li>\n\n\n\n<li>Browsertyp und -version<\/li>\n\n\n\n<li>verwendetes Betriebssystem<\/li>\n\n\n\n<li>Referrer URL<\/li>\n\n\n\n<li>Hostname des zugreifenden Rechners<\/li>\n<\/ul>\n\n\n\n<p>Diese Daten dienen ausschlie\u00dflich der technischen \u00dcberwachung und Sicherheit und werden nicht mit anderen Datenquellen zusammengef\u00fchrt.<\/p>\n\n\n\n<p><strong>4. Verwendung von Cookies<\/strong><\/p>\n\n\n\n<p>Diese Website verwendet ausschlie\u00dflich technisch notwendige Cookies.<\/p>\n\n\n\n<p>Diese sind erforderlich, um die grundlegenden Funktionen der Website sicherzustellen.<\/p>\n\n\n\n<p>Die Verarbeitung erfolgt auf Grundlage von Art. 6 Abs. 1 lit. f DSGVO.<\/p>\n\n\n\n<p>Eine Einwilligung ist hierf\u00fcr nicht erforderlich.<\/p>\n\n\n\n<p><strong>5. Anonyme Statistik<\/strong><\/p>\n\n\n\n<p>Diese Website nutzt Funktionen des Content-Management-Systems WordPress sowie ggf. des Hosting-Anbieters STRATO AG zur statistischen Auswertung der Nutzung.<\/p>\n\n\n\n<p>Die Auswertung erfolgt anonymisiert und ohne Zuordnung zu einzelnen Personen.<\/p>\n\n\n\n<p><strong>6. Schriftarten (Fonts)<\/strong><\/p>\n\n\n\n<p>Diese Website verwendet teils externe Schriftarten (z. B. Google Fonts), um eine einheitliche Darstellung zu gew\u00e4hrleisten.<\/p>\n\n\n\n<p>Beim Aufruf der Seite kann es dabei technisch notwendig sein, dass Ihre IP-Adresse an Server des jeweiligen Anbieters \u00fcbertragen wird.<\/p>\n\n\n\n<p>Die Nutzung erfolgt im Interesse einer einheitlichen und ansprechenden Darstellung der Website (Art. 6 Abs. 1 lit. f DSGVO).<\/p>\n\n\n\n<p><strong>7. Ihre Rechte<\/strong><\/p>\n\n\n\n<p>Sie haben im Rahmen der geltenden gesetzlichen Bestimmungen jederzeit das Recht auf:<\/p>\n\n\n\n<ul class=\"wp-block-list\">\n<li>Auskunft \u00fcber Ihre gespeicherten Daten<\/li>\n\n\n\n<li>Berichtigung unrichtiger Daten<\/li>\n\n\n\n<li>L\u00f6schung Ihrer Daten<\/li>\n\n\n\n<li>Einschr\u00e4nkung der Verarbeitung<\/li>\n\n\n\n<li>Widerspruch gegen die Verarbeitung<\/li>\n<\/ul>\n\n\n\n<p>Au\u00dferdem haben Sie das Recht auf Beschwerde bei einer Datenschutzaufsichtsbeh\u00f6rde.<\/p>\n\n\n\n<p><strong>8. Speicherdauer<\/strong><\/p>\n\n\n\n<p>Personenbezogene Daten werden nur so lange gespeichert, wie dies zur Erf\u00fcllung der genannten Zwecke erforderlich ist oder gesetzliche Aufbewahrungsfristen bestehen.<\/p>\n\n\n\n<p><strong>9. \u00c4nderungen dieser Datenschutzerkl\u00e4rung<\/strong><\/p>\n\n\n\n<p>Wir behalten uns vor, diese Datenschutzerkl\u00e4rung bei Bedarf anzupassen.<\/p>\n","protected":false},"excerpt":{"rendered":"<p>Post erreicht uns \u00fcber:JugendAkademie Bad SegebergNetzwerk OKJA S.-H.Marienstr. 3123795 Bad SegebergTel. 04551 959143Fax 04551 959115 Im bisher selbstorganisierten Netzwerk wirken aktuell mit:Marcelle Scherer, marcelle.scherer@kiel.de, Kiel Ali Evdedurmaz, ali.evdedurmaz@vjka.de, Bad Segeberg Martin Greve, jugendzentrumtuempel@googlemail.com, Altenholz Mario Kramer, kinderundjugend@wentorf.de, Wentorf bei Hamburg Markus Stademann, markus.stademann@itzehoe.de, Itzehoe Kerstin Heiden, K.Heiden@kreis-pinneberg.de, Kreis Pinneberg Elif Lehmann, e.Lehmann@stadtfehmarn.de, Fehmarn Stand 29.04.2026 &hellip; <\/p>\n<p class=\"link-more\"><a href=\"https:\/\/www.okja-sh.de\/?page_id=47\" class=\"more-link\"><span class=\"screen-reader-text\">\u201eKontakt\/Impressum\u201c <\/span>weiterlesen<\/a><\/p>\n","protected":false},"author":1,"featured_media":0,"parent":257,"menu_order":1,"comment_status":"closed","ping_status":"closed","template":"","meta":{"footnotes":""},"class_list":["post-47","page","type-page","status-publish","hentry"],"_links":{"self":[{"href":"https:\/\/www.okja-sh.de\/index.php?rest_route=\/wp\/v2\/pages\/47","targetHints":{"allow":["GET"]}}],"collection":[{"href":"https:\/\/www.okja-sh.de\/index.php?rest_route=\/wp\/v2\/pages"}],"about":[{"href":"https:\/\/www.okja-sh.de\/index.php?rest_route=\/wp\/v2\/types\/page"}],"author":[{"embeddable":true,"href":"https:\/\/www.okja-sh.de\/index.php?rest_route=\/wp\/v2\/users\/1"}],"replies":[{"embeddable":true,"href":"https:\/\/www.okja-sh.de\/index.php?rest_route=%2Fwp%2Fv2%2Fcomments&post=47"}],"version-history":[{"count":9,"href":"https:\/\/www.okja-sh.de\/index.php?rest_route=\/wp\/v2\/pages\/47\/revisions"}],"predecessor-version":[{"id":342,"href":"https:\/\/www.okja-sh.de\/index.php?rest_route=\/wp\/v2\/pages\/47\/revisions\/342"}],"up":[{"embeddable":true,"href":"https:\/\/www.okja-sh.de\/index.php?rest_route=\/wp\/v2\/pages\/257"}],"wp:attachment":[{"href":"https:\/\/www.okja-sh.de\/index.php?rest_route=%2Fwp%2Fv2%2Fmedia&parent=47"}],"curies":[{"name":"wp","href":"https:\/\/api.w.org\/{rel}","templated":true}]}}